ose 0 = 2*i - 5*l + l - 54, 0 = -3*i - l + 67. What is the tens digit of i?
2
Suppose 5*m - 208 = 4*m + 3*a, 4*m = -a + 819. What is the hundreds digit of m?
2
Let m(l) = -l - 8. Let d be m(6). Let r = 50 + d. What is the tens digit of r?
3
Suppose -6*h + 7*h - 15 = 0. Let m = 5 - 3. Let i = h - m. What is the units digit of i?
3
Let r(y) = -y. Let c be r(7). Let p = 12 + c. What is the units digit of p?
5
Suppose -2*l + 3*l - 32 = 2*b, -5*b = 3*l - 118. What is the tens digit of l?
3
Suppose -i + 35 + 18 = 0. Suppose -3*w = -7 - i. Suppose 4*l + w = 0, 3*h - l - 7 = -2*l. What is the units digit of h?
4
Suppose 42*w + 166 = 44*w. What is the tens digit of w?
8
Let f = -70 + 120. Suppose f = 3*i - 19. What is the tens digit of i?
2
Let j(n) be the second derivative of n**4/12 + 4*n**3/3 + 7*n**2/2 + 2*n. What is the units digit of j(-8)?
7
Let f be (-2)/(-5) - (-69)/15. Suppose f*q + 10 = 7*q. Suppose -g - b - 13 = -5*b, -q*b - 10 = -5*g. What is the units digit of g?
7
Suppose 2*d + 47 = -3*x, -d + x + x - 27 = 0. Let h = 41 + d. What is the units digit of h?
6
Let x(w) = -w**3 - 2*w**2 - 6*w - 2. Let h(c) = c**3 + c**2 + 6*c + 2. Let p(i) = 3*h(i) + 4*x(i). What is the units digit of p(-4)?
6
Let j = 39 + -9. What is the tens digit of 8/6*j/4?
1
Let d = -13 + 27. What is the tens digit of d?
1
Let o(n) = 4*n**2 - 1. Let i be o(1). Suppose -2*f - 180 = -4*v, -4*f - 68 = -i*v + 72. What is the units digit of v?
4
Suppose 3*c = 4*v + 69, 4*v - 24 + 116 = 4*c. What is the tens digit of c?
2
Let v = 10 + -18. Let z be (2/(-3))/(v/36). Suppose 0*w - z = -3*w. What is the units digit of w?
1
Let y(x) = x. Let u(j) = j - 5. Let r be u(6). What is the units digit of y(r)?
1
Suppose -174 - 186 = -3*f. What is the tens digit of f?
2
Suppose d = 44 - 0. What is the units digit of d?
4
What is the tens digit of (-1788)/(-16) - (2 - (-18)/(-8))?
1
Let s(h) = h**3 + 13*h**2 - 14*h + 14. What is the units digit of s(-14)?
4
Suppose -2*o + 0*o + 47 = 5*k, -3 = 2*o - 5*k. Suppose o*i + 4 = 12*i. Let s(a) = a + 3. What is the units digit of s(i)?
7
Suppose 0 = -3*q + q. Suppose 0 = 3*x + 4*u - 18, x - 10 = -4*u + 4. Suppose q - x = -2*z. What is the units digit of z?
1
Let f(x) = x**3 - x**2 + 2*x - 3. Let m be f(2). Let d = m - 1. Suppose 5*z - 22 = -d*r + 17, -4*r = 2*z - 6. What is the units digit of z?
1
Let z(d) = -d + 12. What is the tens digit of z(0)?
1
Let g(a) = 7*a - 1. Let s be g(-1). What is the units digit of (s/(-20))/(3/45)?
6
Let w be 1*(-1 + 2 + -6). Let x(q) = q**3 + 6*q**2 + 4*q + 5. What is the tens digit of x(w)?
1
Let a(l) = l**3 - 2*l**2 + 3*l - 1. Let s be a(2). Suppose -12 - 7 = -i + 3*h, s*i - 43 = 2*h. What is the units digit of i?
7
Let m(s) = s - 25. Let z be m(17). Let k = z - -12. What is the units digit of k?
4
Let i be 1 + (-2 - 0) + -2. Let k(j) = j**2 + j. What is the units digit of k(i)?
6
Suppose -r + 2 = -4. What is the units digit of r?
6
What is the tens digit of -1 + 62/(-4)*-6?
9
Suppose 0 = 4*s - 2*s - 2, 0 = -q - s + 189. What is the tens digit of q?
8
Let q(p) = -p**2 + 11*p - 12. Let j be q(9). Let l = -12 + j. What is the units digit of 154/21 + 2/l?
7
Let p(l) = l**3 + 3*l**2 + l - 4. Let o be p(-3). Let z = o + 16. What is the units digit of z?
9
Suppose 0 = -n + 3*b - 27, 3*b - 7*b + 12 = 0. Let c = n + 26. What is the units digit of c?
8
Suppose j - 31 = -0*j. Suppose -3*d + 32 = 3*l - j, -5*d + 88 = 4*l. What is the tens digit of l?
1
Let k(q) = 14*q - 3. What is the tens digit of k(3)?
3
Suppose 0 = -2*d - 3*d - 2*k + 339, 2*k = d - 75. What is the units digit of d?
9
Suppose -5*r - 15 = 0, 5*r + 7 = -4*d + 100. What is the units digit of d?
7
Suppose 2*w - 7 = -5. Suppose -7 + w = 3*d. What is the units digit of ((-3)/d)/((-1)/(-2))?
3
Suppose 2 - 21 = -2*h - 3*m, h - 5*m + 23 = 0. Suppose 0*z - h*z = 0. What is the units digit of (-2 - z) + -4 + 8?
2
Let i = -2 + 6. Suppose i*h = d - 20 - 4, -4*h - 20 = 0. What is the units digit of 1/(-2) - (-6)/d?
1
Let g be 7 + -5 + (2 - -27). Suppose -5*f + 40 = 5*h + 5, 0 = 4*f + h - g. What is the units digit of f?
8
Suppose -516 + 64 = -4*p. Let l = -57 + p. Suppose 7*i - 2*i = 2*r + 64, 2*r - l = -5*i. What is the tens digit of i?
1
Let w = 9 + -6. Suppose w*v + 0*v + 3*z = 33, -30 = -2*v - 4*z. Let y = v + -2. What is the units digit of y?
5
Let s be 2/(-6) - 32/(-6). Suppose 2*a = 6*a - l - 20, -a + s = 5*l. What is the units digit of a?
5
Let s(b) = -b**2 - 7*b + 1. What is the tens digit of s(-3)?
1
Let b = 394 + -274. Suppose -5*t + 2*t = -2*x + 61, 4*x - 4*t - b = 0. What is the units digit of x?
9
Suppose -2*g + 3*x + 66 + 21 = 0, 0 = -2*x + 10. Suppose -4*z + g = 2*m - z, 0 = -4*m - 4*z + 100. What is the tens digit of m?
2
Let g be (4 + 14)*10/2. What is the tens digit of g/(-3)*2/(-5)?
1
Suppose 5*z = -0*z + 4*u + 8, -4*z + 8 = -4*u. Suppose -5*c = 3*b - 2*b - 51, 3*c + b - 31 = z. Suppose -s + c = s. What is the units digit of s?
5
Suppose 3*l + 0 = 12. Suppose -9 - l = -r. What is the units digit of r?
3
Suppose 2*z - 17 = -2*i + z, 0 = i + 2*z - 13. What is the units digit of i?
7
Suppose 21 = 3*u + 6. What is the tens digit of (-92)/u*(-70)/28?
4
Suppose -5*n - 4*v + 41 = 0, -5 = -4*n + 4*v - 1. Suppose -4*y = -n*t - y, -4*y = -3*t. What is the units digit of (5 - 0) + 1 + t?
6
Suppose 0 = -5*y - 2 - 3, 5*s + y - 19 = 0. Let q(t) be the third derivative of -t**5/60 + t**4/4 - t**3/6 - t**2. What is the units digit of q(s)?
7
Let p = 8 - 7. Suppose 4*u = 2*x + 2, 0 = 3*u - p - 5. Suppose 56 = 2*a - 4*b, 0 = -3*a - x*b + 50 - 11. What is the tens digit of a?
1
Let m be (-2)/(-3) + (-65)/(-15). Suppose -5*a + 5 = m*w, a = -4*w - 4*a + 7. What is the units digit of (2/4)/(w/(-44))?
1
Let z(j) = j**3 + 13*j**2 - j - 15. Let r be z(-13). Suppose -4*l + 0*s + 23 = 5*s, 2*l - 17 = 3*s. Let m = r + l. What is the units digit of m?
5
Let r be (1 + -3)/((-4)/(-6)). Let x = r - -7. What is the units digit of x?
4
Suppose -4*y + 137 = 5*l, 4*l - 78 = l - y. What is the units digit of l?
5
Let t(l) = -l + 11. What is the units digit of t(6)?
5
Let z = -371 - -584. What is the hundreds digit of z?
2
Suppose 2*d - d = w - 11, -5*w + d = -35. Let n = 7 - w. What is the units digit of n?
1
Suppose 10 = 2*q - 3*q. Let p = -8 - q. What is the units digit of p?
2
Let a be 3/2 + (-5)/10. Let u be a - (-15)/(-9)*3. What is the units digit of -2*1 + (u - -10)?
4
Suppose 0 = 3*v + 5*o - 142, 43 = 5*v + o - 201. What is the tens digit of v?
4
Let d(v) = 2*v - 10. Let s be d(7). Suppose -s*a + 15 = -a, 3*a - 5 = 5*f. What is the units digit of f?
2
Suppose 5*s - 4*d = -13 - 6, -5*s - 10 = 5*d. Let q(t) = 6*t - 3. Let m be q(2). Let b = m + s. What is the units digit of b?
6
Let g be 1/(2/(-32)*2). Let d = g + 3. What is the units digit of 7 + d + 5*1?
7
Let o(p) = 3*p + 15. Let g be o(-11). Let c = 44 + g. What is the tens digit of c?
2
Let o(t) = -4 + 9 + 6 + 7 + t. What is the units digit of o(-10)?
8
Let u = 83 - 45. What is the tens digit of u?
3
Let l = 28 + -26. What is the units digit of 6*(-1)/l*-1?
3
Suppose -3*u = 2*h - 41, 2*u - 4*u + 25 = -h. What is the tens digit of u?
1
Let w(q) = -6*q. Let u = -7 + 3. Let h be w(u). Suppose -2*c + h = c - 4*a, 3*a = c - 8. What is the units digit of c?
8
Suppose 3*i - 2*i = 0. Suppose i*v - 3*v = -15. Suppose v*r = 5*b + 50, -3*r + 2*r + 5*b = -22. What is the units digit of r?
7
Let f(q) = 43*q**2 + 1. What is the tens digit of f(-1)?
4
Let j(u) = 2*u. Let d be j(2). Suppose -4*r = d*s - 68, 33 = 6*s - 3*s - 3*r. What is the tens digit of s?
1
Let l(u) = u**3 - u**2. Let p be l(0). Suppose -3*y + 6*y - 9 = p. What is the units digit of y?
3
Let k(m) = 2*m + 2. Let l be k(-6). Let g = l - -11. What is the units digit of g?
1
Suppose -5*v = 4*u - 4*v - 538, -3*u + 395 = 5*v. What is the units digit of u?
5
Let k be -1*0*3/6. Suppose -4*y + 8 = -r - 1, k = -3*r + 3*y + 18. What is the units digit of r?
1
Let j = -3 - -3. Suppose j = 3*h + 2*h - 55. What is the units digit of h?
1
Let k(v) = -3*v**3 - 4*v**2 - 2*v + 7. What is the tens digit of k(-3)?
5
Let t = 21 - -18. What is the units digit of t?
9
What is the tens digit of (-3 - 50)*(-4)/4?
5
Suppose 6*v = v + 60. Suppose 0 = 3*n - 3*f + v, -f + 4 = -0*f. Suppose 24 = -n